ded by 25?
21
Calculate the remainder when 135 is divided by 135.
0
Calculate the remainder when 466 is divided by 26.
24
What is the remainder when 1020 is divided by 93?
90
Calculate the remainder when 8276 is divided by 15.
11
What is the remainder when 199 is divided by 78?
43
Calculate the remainder when 4534 is divided by 168.
166
What is the remainder when 24 is divided by 23?
1
What is the remainder when 138 is divided by 96?
42
What is the remainder when 17 is divided by 6?
5
Calculate the remainder when 131 is divided by 11.
10
What is the remainder when 855 is divided by 374?
107
What is the remainder when 531 is divided by 265?
1
Calculate the remainder when 279 is divided by 112.
55
Calculate the remainder when 1115 is divided by 80.
75
Calculate the remainder when 2583 is divided by 92.
7
What is the remainder when 1268 is divided by 70?
8
What is the remainder when 389 is divided by 26?
25
What is the remainder when 1030 is divided by 86?
84
What is the remainder when 2327 is divided by 86?
5
Calculate the remainder when 1027 is divided by 67.
22
Calculate the remainder when 341 is divided by 74.
45
What is the remainder when 162 is divided by 43?
33
What is the remainder when 145 is divided by 42?
19
What is the remainder when 118 is divided by 3?
1
What is the remainder when 439 is divided by 22?
21
What is the remainder when 462 is divided by 72?
30
Calculate the remainder when 1820 is divided by 114.
110
Calculate the remainder when 427 is divided by 27.
22
Calculate the remainder when 101 is divided by 29.
14
What is the remainder when 315 is divided by 112?
91
Calculate the remainder when 481 is divided by 50.
31
Calculate the remainder when 876 is divided by 871.
5
Calculate the remainder when 1084 is divided by 18.
4
Calculate the remainder when 1637 is divided by 14.
13
What is the remainder when 11969 is divided by 121?
111
Calculate the remainder when 74 is divided by 19.
17
What is the remainder when 164 is divided by 20?
4
What is the remainder when 583 is divided by 49?
44
What is the remainder when 165 is divided by 36?
21
What is the remainder when 18078 is divided by 226?
224
Calculate the remainder when 91 is divided by 21.
7
What is the remainder when 101 is divided by 11?
2
Calculate the remainder when 1569 is divided by 388.
17
What is the remainder when 11589 is divided by 11?
6
Calculate the remainder when 743 is divided by 27.
14
Calculate the remainder when 90 is divided by 7.
6
What is the remainder when 251 is divided by 85?
81
Calculate the remainder when 356 is divided by 40.
36
Calculate the remainder when 284 is divided by 33.
20
Calculate the remainder when 5107 is divided by 15.
7
What is the remainder when 378 is divided by 213?
165
Calculate the remainder when 231 is divided by 17.
10
What is the remainder when 647 is divided by 13?
10
What is the remainder when 4114 is divided by 293?
12
What is the remainder when 4138 is divided by 30?
28
What is the remainder when 3259 is divided by 94?
63
What is the remainder when 152 is divided by 91?
61
Calculate the remainder when 4771 is divided by 40.
11
Calculate the remainder when 226 is divided by 67.
25
Calculate the remainder when 5298 is divided by 204.
198
Calculate the remainder when 2739 is divided by 301.
30
Calculate the remainder when 64 is divided by 59.
5
What is the remainder when 1531 is divided by 255?
1
Calculate the remainder when 1386 is divided by 691.
4
What is the remainder when 162 is divided by 26?
6
What is the remainder when 2420 is divided by 305?
285
What is the remainder when 52 is divided by 30?
22
What is the remainder when 1256 is divided by 36?
32
Calculate the remainder when 256 is divided by 240.
16
What is the remainder when 28269 is divided by 17?
15
What is the remainder when 698 is divided by 33?
5
What is the remainder when 293 is divided by 6?
5
What is the remainder when 3 is divided by 2?
1
What is the remainder when 156 is divided by 8?
4
Calculate the remainder when 167 is divided by 12.
11
What is the remainder when 299 is divided by 108?
83
What is the remainder when 84 is divided by 32?
20
What is the remainder when 312 is divided by 68?
40
Calculate the remainder when 3114 is divided by 65.
59
Calculate the remainder when 26 is divided by 7.
5
What is the remainder when 692 is divided by 207?
71
Calculate the remainder when 205 is divided by 26.
23
What is the remainder when 296 is divided by 136?
24
Calculate the remainder when 267 is divided by 250.
17
What is the remainder when 186 is divided by 38?
34
Calculate the remainder when 85 is divided by 20.
5
Calculate the remainder when 21 is divided by 15.
6
Calculate the remainder when 2697 is divided by 299.
6
What is the remainder when 125 is divided by 110?
15
Calculate the remainder when 384 is divided by 22.
10
What is the remainder when 76 is divided by 32?
12
What is the remainder when 109 is divided by 33?
10
Calculate the remainder when 85 is divided by 3.
1
Calculate the remainder when 274 is divided by 51.
19
What is the remainder when 488 is divided by 157?
17
Calculate the remainder when 1610 is divided by 255.
80
Calculate the remainder when 618 is divided by 203.
9
Calculate the remainder when 9042 is divided by 1505.
12
What is the remainder when 10518 is divided by 67?
66
What is the remainder when 22 is divided by 6?
4
Calculate the remainder when 1197 is divided by 15.
12
Calculate the remainder when 2486 is divided by 356.
350
What is the remainder when 169 is divided by 74?
21
What is the remainder when 391 is divided by 9?
4
Calculate the remainder when 2308 is divided by 38.
28
What is the remainder when 264 is divided by 131?
2
What is the remainder when 3069 is divided by 52?
1
What is the remainder when 90 is divided by 13?
12
What is the remainder when 180 is divided by 23?
19
What is the remainder when 696 is divided by 175?
171
Calculate the remainder when 1018 is divided by 251.
14
What is the remainder when 5884 is divided by 14?
4
What is the remainder when 966 is divided by 949?
17
Calculate the remainder when 99 is divided by 17.
14
Calculate the remainder when 2874 is divided by 84.
18
Calculate the remainder when 324 is divided by 78.
12
Calculate the remainder when 18 is divided by 8.
2
What is the remainder when 3827 is divided by 22?
21
What is the remainder when 135 is divided by 120?
15
What is the remainder when 195 is divided by 172?
23
Calculate the remainder when 164 is divided by 89.
75
What is the remainder when 1537 is divided by 20?
17
What is the remainder when 93 is divided by 20?
13
Calculate the remainder when 113 is divided by 81.
32
Calculate the remainder when 139 is divided by 28.
27
What is the remainder when 539 is divided by 91?
84
What is the remainder when 518 is divided by 18?
14
What is the remainder when 228 is divided by 115?
113
What is the remainder when 86 is divided by 49?
37
Calculate the remainder when 595 is divided by 123.
103
Calculate the remainder when 4317 is divided by 135.
132
Calculate the remainder when 1318 is divided by 12.
10
What is the remainder when 21238 is divided by 11?
8
What is the remainder when 141 is divided by 127?
14
What is the remainder when 1198 is divided by 104?
54
What is the remainder when 71 is divided by 4?
3
What is the remainder when 129 is divided by 4?
1
What is the remainder when 733 is divided by 35?
33
Calculate the remainder when 194 is divided by 29.
20
What is the remainder when 205 is divided by 31?
19
Calculate the remainder when 64 is divided by 22.
20
What is the remainder when 138 is divided by 122?
16
What is the remainder when 55 is divided by 11?
0
Calculate the remainder when 1079 is divided by 28.
15
Calculate the remainder when 3477 is divided by 56.
5
Calculate the remainder when 120 is divided by 7.
1
Calculate the remainder when 185 is divided by 59.
8
What is the remainder when 145 is divided by 50?
45
Calculate the remainder when 568 is divided by 15.
13
Calculate the remainder when 220 is divided by 55.
0
Calculate the remainder when 231 is divided by 39.
36
Calculate the remainder when 509 is divided by 9.
5
What is the remainder when 50 is divided by 17?
16
Calculate the remainder when 125 is divided by 29.
9
What